 -9 + v = -b. Does 6 divide b?
True
Suppose -2*s - 5*m + 16 = 0, 3*s - m = m + 62. Is 6 a factor of s?
True
Let t(d) = -2*d - 7. Suppose -5*m + 0*m = 3*y + 44, -2*y = -4*m. Does 5 divide t(y)?
False
Suppose -32 = 5*t + 353. Does 18 divide (t/21)/(1/(-6))?
False
Suppose -280 = -10*b + 5*b. Does 14 divide b?
True
Suppose 8 = 5*d + 2*z, 5*d - 2*z + 8 = -0*d. Suppose 2*x = -d*x. Suppose 5*r - 54 = -4*p, r + 3*p - 13 = -x*r. Does 10 divide r?
True
Let a be (-21)/(-9) - (-1)/(-3). Let z be -5*a/4*-2. Suppose 2*h = -2*p - 0*p + 40, 5*p = z*h - 140. Is h a multiple of 24?
True
Let t = 64 - 96. Let u = t - -45. Is 7 a factor of u?
False
Let z(s) = s + 6. Let a be z(-5). Let h = 8 - a. Is h a multiple of 2?
False
Let v(j) = -j**2 - 5*j - 6. Let p be v(-5). Let t(s) = -s**3 - 5*s**2 + 6*s - 5. Let m be t(p). Let u(q) = q**3 + 7*q**2 + 8*q + 6. Does 12 divide u(m)?
False
Let t(n) = n**2 + 4*n + 5. Is 11 a factor of t(-6)?
False
Let f = 61 + -10. Does 10 divide f?
False
Let r(t) = t + 6*t**2 - t**3 - 4 - 1 - 4*t. Let j be r(6). Let y = 35 + j. Does 9 divide y?
False
Let w be 48/(-21) - 4/(-14). Suppose -3*q = -j - 6, -4*j - 24 = -4*q + 3*q. Is (w + 3/j)*-14 a multiple of 14?
False
Let x(s) = -s**3 + 8*s**2 - 2*s + 7. Let i be x(8). Let w be ((-3)/i)/(2/(-6)). Is w*1/(-1)*15 a multiple of 13?
False
Does 4 divide 50/3 + (-2)/(-6)?
False
Let m be (-225)/(-6)*(-4)/(-6). Suppose -m = -5*c - 0*c. Let k(y) = -y**2 + 9*y - 7. Is 13 a factor of k(c)?
True
Let s(q) = q**2 + 5*q + 8. Let p(r) = -r**3 - 9*r**2 - 8*r - 6. Let b be p(-8). Is 14 a factor of s(b)?
True
Suppose 0*r - 2 = -r. Suppose 4*m = 4 - 20, r*m = 3*q - 146. Is 15 a factor of q?
False
Is (-189)/(-3) - 0 - 3 a multiple of 20?
True
Suppose 729 = -k + 4*k. Suppose 6*z - k = 3*z. Does 27 divide z?
True
Let v(j) = 2*j + 20. Does 4 divide v(-7)?
False
Let x be (0 - -1)/((-5)/5). Is -1 + (1 - (-44 - x)) a multiple of 18?
False
Let g(l) = l**3 + 8*l**2 - 10*l - 3. Let u be g(-9). Is ((-18)/(-12))/(u/160) a multiple of 10?
True
Let r be 10*-2*1/(-4). Suppose -2*n + 20 = 4*j + 2*n, -n = r. Does 5 divide j?
True
Suppose 109 + 164 = -3*k. Let i = 168 + k. Does 21 divide i?
False
Let b be (-6)/4*(-48)/18. Suppose b*d = -d + 135. Is d a multiple of 9?
True
Suppose 3*s + 4*b = 214 - 24, 5*b + 212 = 4*s. Does 12 divide s?
False
Let q = -3 + 3. Suppose -4*u + 3*u - 3 = 0, q = -r - 3*u + 32. Does 19 divide r?
False
Suppose p + 252 = 4*p. Suppose g - 2*g = -w - 14, -5*g - 2*w = -p. Is 5 a factor of g?
False
Let v be (0 - (0 + 0))/(-2). Let x be (-6)/(-2) + 1 + v. Let s = x + 2. Is s a multiple of 5?
False
Suppose -4*z + 73 = 5. Let g = z + -9. Is g a multiple of 4?
True
Suppose -o = o - 12. Is 148/o - 2/3 a multiple of 9?
False
Suppose 0 = -r - 2*k + 3, -k = -5*r - 5*k + 15. Suppose 0 = 2*p - 13 + r. Does 5 divide p?
True
Let i = 4 + -4. Suppose i = 3*x - x - 24. Is 6 a factor of x?
True
Let n = -19 - -42. Let y = -16 + n. Is 2 a factor of y?
False
Let h = -36 - -64. Is h a multiple of 7?
True
Let s = 2 + -4. Let q = s + 6. Let k(z) = 6*z + 1. Is k(q) a multiple of 12?
False
Let f = -17 + 19. Suppose -b - f = -5. Is 3 a factor of b?
True
Let a(h) = h**3 + h**2 - h - 31. Let x be a(0). Let d = x - -55. Suppose 2 = k - 3*n - 2, 3*k - 5*n = d. Does 13 divide k?
True
Suppose -2*o - 14 = -64. Is o a multiple of 7?
False
Let k be ((-8)/10)/(8/160). Let z = -4 - k. Let g = 26 - z. Is 10 a factor of g?
False
Let p = -20 + 10. Let j = 15 - p. Is 17 a factor of j?
False
Let a be (8 - -34)*(-1)/(-2). Suppose -a = -o - 5*w, -15 + 6 = -3*w. Does 3 divide o?
True
Let o(s) = -4*s**3 + 2. Let f be o(2). Is 8 a factor of (f/4 - 1)*-2?
False
Suppose 2*l - 2*p - 1 + 3 = 0, -4*l + 12 = 4*p. Let w = 4 - l. Suppose 0*c + 2*c - w = 3*z, -3*c + 7 = -4*z. Is c a multiple of 4?
False
Let c = 91 - -90. Does 18 divide c?
False
Let s(y) be the second derivative of -1/6*y**3 - 1/12*y**4 - 9/20*y**5 + 2*y + 0 - 1/2*y**2. Is 4 a factor of s(-1)?
True
Suppose o - 61 = 4*v - 0*v, -4*v = 5*o + 79. Let q = v + 39. Is q a multiple of 10?
False
Let h(n) = -n**2 + 7*n - 3. Let u be h(6). Let p = u + 0. Is 3 a factor of p?
True
Suppose -26 = 2*i - 3*i. Suppose 0*y - y = -i. Is y a multiple of 13?
True
Let g = -25 + 30. Is 5 a factor of g?
True
Suppose 3*n = 6*n + 1902. Is n/(-18) - 4/18 a multiple of 7?
True
Suppose -2*p = r, -4*p - 8*r - 12 = -3*r. Suppose -p*k = -4*k + 2. Is 6 a factor of -6*k*(-14)/6?
False
Let g(k) = k**2 - 1 - 2*k**2 + 10*k + 3. Suppose -3*s - 4*o + 19 = o, 4*s - 4*o = 36. Is 9 a factor of g(s)?
True
Suppose 0 = -2*j + 3*u + 65, -j = -0*j - 4*u - 20. Is j a multiple of 20?
True
Does 15 divide (-6)/9*15*-3?
True
Let a be (-4 - -3)*-1 + 12. Suppose 0 = 4*p - 5*l - 60, 4*l = -a - 3. Does 10 divide p?
True
Is (-4)/(-26) + 8129/143 a multiple of 19?
True
Suppose 4*m = -g - 2*g + 329, -331 = -3*g - 5*m. Suppose -3 = 2*h - g. Is h a multiple of 16?
False
Let h = -23 + 31. Is 8 a factor of h?
True
Let i(v) = -v**3 + 7*v**2 - 5*v + 6. Suppose 4*a - 4*o + 1 = -11, 0 = 3*o + 6. Let c = 1 - a. Is i(c) a multiple of 6?
True
Let l(x) be the third derivative of -x**4/3 - x**3/6 - 5*x**2. Does 3 divide l(-1)?
False
Let t(d) = 7*d**2 + 4. Does 19 divide t(-2)?
False
Let j(p) = p. Let y be j(2). Let r be y/(-4)*2*-24. Suppose -r = 4*c - 6*c - 4*u, -3*u - 4 = -4*c. Does 2 divide c?
True
Suppose 6*f - 20 = f. Suppose q - 7 + 2 = 0. Suppose 3*r + 34 = q*n, f*r + 22 = 2*n - 0*n. Is 3 a factor of n?
False
Does 28 divide 6/39 + 1167/78*4?
False
Let q = -2033 - -962. Does 10 divide 2/12 - q/54?
True
Let j = 10 + -6. Suppose -2*y = -0*y + a - 14, -24 = -j*y - 3*a. Is y a multiple of 9?
True
Let g = 22 + -1. Is g a multiple of 4?
False
Suppose 143 = -4*j + 611. Is 52 a factor of j?
False
Let s(p) = -6*p**3 - 46*p**2 + 26*p - 30. Let j(a) = a**3 + 9*a**2 - 5*a + 6. Let h(i) = 11*j(i) + 2*s(i). Is h(6) a multiple of 19?
False
Let x(r) = -r**3 - r**2 + r + 2. Let f be x(-2). Suppose 158 = -3*s - f*l, 0 = -5*s + s + 2*l - 240. Is 3 a factor of s/(-6) - (-6)/(-9)?
True
Let j = 13 - 46. Let g = -4 - j. Is 12 a factor of g?
False
Suppose 2 + 25 = 3*l - 3*o, l + o = -1. Suppose -3*x - l*n + 20 = 0, -x + 12 = x + 2*n. Is 12 a factor of (-8)/x*(-1 - 9)?
False
Suppose -7*w + 335 + 848 = 0. Is w a multiple of 19?
False
Suppose -4*g = -2*b - 26, -4*g - 2*b = -2*g + 2. Suppose 5*n - 5*a - 180 = 0, g*n - 5*n + 45 = -4*a. Is n a multiple of 11?
True
Let a(y) = -94*y**3 - 2*y**2 - y. Is 15 a factor of a(-1)?
False
Suppose -3*k + 5*b = -50, -3*k + 0*b + 38 = -2*b. Let n(t) = t**2 - 8*t + 4. Is 24 a factor of n(k)?
True
Let l be (-127)/(-1 + 3 - 3). Let t = -85 + l. Does 21 divide t?
True
Suppose -54 + 13 = -f. Suppose 4*a + 3*w = f - 14, 3*w + 27 = 2*a. Suppose 4*s - a = -5*o, -3*o = -3*s + 2*o + 33. Is s a multiple of 3?
True
Suppose 4 = -4*f, -r = -5*f + 4*f - 2. Let a = 3 - r. Suppose -a*q + 108 = -0*q. Is 20 a factor of q?
False
Let g(q) = 2*q. Let d be g(2). Let w(s) = -7*s + 4. Let r be w(d). Let x = r - -51. Is x a multiple of 13?
False
Let i = 44 + 24. Is 26 a factor of i?
False
Let p be 55/(3 + (-1 - 3)). Let f = p + 131. Does 17 divide f?
False
Let m = -7 - -9. Suppose 2*w = -6*h + m*h + 62, 4*h = w + 71. Is 5 a factor of h?
False
Let f = -3 + -7. Does 13 divide ((-5)/f)/(3/78)?
True
Let p(u) = u**3 - 7*u**2 - 8*u + 3. Suppose 3*z + 12 = 0, 63 = 5*f + z + 27. Does 2 divide p(f)?
False
Let u = -13 + 35. Is u a multiple of 5?
False
Suppose 3*v = l - 15, 5*l - 5*v - 31 = -v. Is 9 - 1/(l/6) a multiple of 7?
True
Suppose 0 = -3*z - 30 + 138. Suppose -2*s - s = -z. Does 6 divide s?
True
Let w(q) = -4*q + 1. Let k be w(-1). Let u = 1 - 4. Let o = k - u. Is o a multiple of 4?
True
Suppose -8 = -g - g. Suppose 4*b - 84 = -g*z, -2*b - 8*z + 40 = -5*z. Is 23 a factor of b?
True
Suppose m = 6*m, 10 = 2*y - 4*m. Suppose 100 = y*c + 3*t + t, -c - 2*t = -26. Is c a multiple of 11?
False
Let s(l) = 2*l**3 - 7*l**2 - 13*l + 26. Is s(6) a multiple of 16?
True
Let p(n) = 11*n. Let v be p(10). Let w = v - 67. Is 25 a factor of w?
False
Let x(l) = l**2 - 9*l + 9. Let j be x(6). Let n = j - -55. Is n a multiple of 23?
True
Let v be (-1307)/(-3) - (-4)/(-6). Is 3/(-12) - v/(-12) a multiple of 17?
False
Suppose -2*j - j + 8 = 2*t, 2*j - 3 = -t. Is t even?
False
Suppose -5*g = -3*l - 247, 12